
True
Suppose -72*u + 5*q + 182615 = -67*u, 0 = 3*u - q - 109569. Is u composite?
False
Suppose -27*y + 26610902 = -10763261 + 11652586. Is y composite?
True
Is (-44)/11 - 1459630*2*7/(-28) a composite number?
True
Let p be -1 + (-4)/(-3) + 37/(-111). Suppose p = 45*c - 55*c + 26710. Is c prime?
True
Suppose 340 = -3*t + 4*k, -9*t + 604 = -14*t + 2*k. Suppose -3*y + 4*r + 2345 = 0, -5*y = r - 5*r - 3911. Is y/(-18)*t/6 prime?
False
Suppose -5*v + 25 = 0, -2*f + v + 20 = 3*v. Suppose f*c + 164 + 56 = 0. Let t = 103 + c. Is t a composite number?
False
Let q(h) = h**3 - 40*h**2 + 38*h - 74. Let r be q(39). Let w = 113 - r. Is w prime?
False
Let c be (-12)/8 + (3 - (-2148)/8). Suppose 4*t - 1255 = -t. Let x = t + c. Is x composite?
False
Suppose 0 = 2*d - 3*p - 136033, -5*d + 199669 = 4*p - 140494. Is d composite?
True
Let z = 44583 - 15982. Is z a prime number?
False
Let y(p) = 1134*p + 1745. Is y(3) a composite number?
False
Let n = 43743 - 20534. Is n prime?
True
Let n = 95504 + -53403. Is n composite?
False
Let u(k) = -361*k + 37. Let f(p) = -p**2 - 6*p - 15. Let g be f(-3). Is u(g) a composite number?
False
Let b = 134 + -132. Suppose 2215 = b*f + 3*f. Is f composite?
False
Suppose -20*b + 4516743 = 13*b. Is b a composite number?
True
Suppose -663 = -y + 4*i, -3*y + 1279 = -i - 699. Suppose -143 + y = 3*z. Let w = z + -11. Is w a composite number?
True
Suppose -360*s = -369*s. Suppose -z = -3*c - 3*z + 1965, 2*c + z - 1310 = s. Is c composite?
True
Let v(i) = 34*i - 83. Let s be v(2). Let w(x) = -4*x**3 - 8*x**2 + 3*x - 2. Is w(s) a prime number?
False
Let i(x) = -x**2 + 554. Let p = -19 + 25. Suppose -2*b = -p*b. Is i(b) a prime number?
False
Let n = 15 - 10. Suppose -n*g + o + 3 = -0*o, 3*g - 2*o = 6. Let a(u) = -u**2 + 5*u + 371. Is a(g) prime?
False
Let h be (9/5 - 0)*(-160)/(-48). Suppose -15*d - h*d = -94479. Is d composite?
True
Let m be ((-28554)/4)/(12/32). Is (1 - 11)*m/20 a composite number?
True
Let f(o) = -198*o**3 - o**2 + 11*o + 2. Let j be f(-3). Suppose 2*u + 12*u - j = 0. Is u composite?
False
Let k(d) = 9 + 24*d - 3*d + 10*d. Suppose -2*z = -36*z + 238. Is k(z) composite?
True
Let a(j) = j**2 - 5*j**2 - j**3 - j + 6803 - 2*j + 7*j**2. Is a(0) composite?
False
Let c be (41/(-8) - -5) + 25961/8. Suppose 12956 + c = 17*t. Is t a prime number?
True
Suppose 4*s = -4*v + v + 32964, -3*v = 2*s - 16488. Suppose s = -358*o + 364*o. Is o prime?
True
Suppose -3*k = u - 193276, 5*u - 2*k - 818480 - 147883 = 0. Is u composite?
True
Let r be (66 - -1) + 8/(40/15). Let j = 1727 - r. Is j prime?
True
Let r(p) = -13*p - 9. Let y(m) = 4*m + 3. Let h(c) = 2*r(c) + 7*y(c). Let o be h(-4). Is 828 + 1 - (o - -3) a prime number?
False
Let v(j) = -2*j + 7. Let l be v(2). Suppose -l*r + 7491 = 2*r - 3*c, -3*r = 3*c - 4485. Is r a prime number?
False
Let c be (-1)/(-6) - 2/24*-2014. Suppose a + c - 853 = 0. Is a a prime number?
False
Let o(s) = s**3 - 22*s**2 - 17*s + 36. Let p(b) = b**3 - 2*b**2 - 2*b. Let q(z) = -o(z) + 5*p(z). Is q(13) prime?
False
Let g = 28183 + -15637. Let o = -8351 + g. Is o a composite number?
True
Suppose -9*c + 379236 + 702177 = 0. Is c prime?
True
Let w = 55967 - 32106. Is w a prime number?
False
Suppose h - 3*x = 138718, 971080 = 7*h + 15*x - 18*x. Is h a prime number?
True
Suppose 26 = 3*f + 2*c, -5*c = -3 - 17. Let v be (2/4)/(f/120). Let g(t) = 2*t**3 + 14*t**2 + 8*t + 13. Is g(v) composite?
True
Let c = 1541 + 134346. Is c a composite number?
False
Suppose 5*m = k + 278826, -1776*m + 1772*m - 4*k = -223080. Is m a prime number?
False
Let j(o) = 4*o + 56. Let r be j(-14). Suppose 4*z + y - 6656 = r, -6*z + z - 5*y + 8335 = 0. Is z prime?
True
Suppose 3*m = n + 14 + 5, 0 = -m - 4*n + 28. Suppose -2*v = m*q - 5*q - 52483, -4*v = -3*q + 52489. Is q a composite number?
True
Is 10882300/175 + (((-186)/21)/(-2) - 4) a composite number?
True
Let g = -1116396 - -1665691. Is g composite?
True
Is 8 + 5*(-321567)/(-15) prime?
True
Let m(i) = -33*i**3 + 13*i**2 - i - 8. Let z(t) = -8*t**3 + 3*t**2 - 2. Suppose 16*l - 15*l = 2. Let f(x) = l*m(x) - 9*z(x). Is f(3) composite?
False
Let j be (-30)/(-18)*(-4034)/(-10)*-3. Suppose x = 5*x, 3*x + 3072 = -4*p. Let g = p - j. Is g a composite number?
False
Let n(v) = -8*v**3 + 6*v**2 - v + 7. Let q be n(5). Suppose -19*u = u - 780. Let z = u - q. Is z composite?
False
Let r(n) = 2442*n + 295. Is r(11) a composite number?
True
Let z = 29306 - 8037. Is z a composite number?
False
Let v(t) = t + 19. Let c be v(-17). Suppose 0*g = c*p + 5*g - 6502, -9795 = -3*p + 3*g. Is (-2 + p)/((-7)/(-7)) prime?
True
Suppose 479360 = 4*w + 4*j - 1144284, 0 = 2*w - 3*j - 811802. Is w prime?
False
Suppose 3*h + 4*g = 79, h + h - 3*g - 47 = 0. Suppose 0 = 2*x - v + h, 0 = -v - 0*v + 1. Let d = x + 713. Is d prime?
True
Is (1/2)/((-124)/(-13850552)) a prime number?
True
Let o = 2921421 - 1861742. Is o prime?
False
Suppose -4*m + 1635996 = 4*v - 6*m, -5*v = 3*m - 2044973. Is v a prime number?
True
Let f be 3*3/18*-10. Let i be f/(-2) - 18/12. Is 10314/(-216)*-4*(0 + i) composite?
False
Let h(o) = 2*o**2 + 6*o + 13. Let z = -193 - -101. Let y = z - -77. Is h(y) a prime number?
True
Let a be 594938/10 - (7/(-35) + 0). Suppose -26*w + a = -94582. Is w a prime number?
False
Let o = 213028 + -127559. Is o composite?
False
Let x(a) = a + 20. Let u(j) = -3*j - 61. Let k(t) = -2*u(t) - 7*x(t). Let q be k(-26). Is (-2)/(-16)*2374*32/q prime?
True
Suppose 9831*s = 9840*s - 766737. Is s a prime number?
True
Let z(h) = -2*h**3 - 3*h**2 + 5*h - 7. Let q = 14 - 17. Let g be 0 + (q - -6) + -9. Is z(g) composite?
True
Let d(h) = 8*h + 41. Suppose -9*n = -23 - 13. Suppose 0 = -n*y - 2*m + 18 + 28, y - 7 = m. Is d(y) a prime number?
False
Let l(v) = -v + 22. Let r be l(10). Let x be -5*(-7)/(140/r). Suppose -x*j + 4*j - 5*u - 563 = 0, j + u = 587. Is j prime?
False
Suppose 2*y - 3290 = 570. Let h = 4629 - 4250. Suppose -5*u = -3*i - y, -4*i - h = -u - 2*i. Is u prime?
True
Suppose 4*y - 3*y = -2*s + 11, 0 = 4*y - 2*s - 14. Suppose h + 57 = -0*h - y*m, -5*h - 175 = 3*m. Let j = h + 147. Is j a prime number?
False
Suppose 0 = -5*v - 10, 3*q + 12*v - 7*v + 8317 = 0. Let h be (-1)/3 - 4/(-12) - q. Suppose 6*d + 3*g = d + 3458, -4*d - 5*g + h = 0. Is d a prime number?
True
Let g be 15/(-2)*(-40)/10. Suppose g*q - 41*q = -90717. Is q a composite number?
True
Let y(i) = -1460*i + 161. Suppose 240 = -37*w + 27*w. Is y(w) a prime number?
True
Suppose p - 82 = -3*s, -3*p + 8*s + 232 = 3*s. Suppose p*u = 76*u + 15483. Is u prime?
False
Suppose -4*j + 7 + 3 = -2*h, 0 = j - 5. Suppose -h*s - s = -s. Let q(p) = -p**2 - p + 551. Is q(s) prime?
False
Let n(h) = -3*h**3 - 3*h**2 - 3*h - 1. Let q be n(-1). Is (-1055064)/(-104) + q/13 prime?
False
Suppose -17*n - 72 = -8*n. Is (16/n - 1) + 190 prime?
False
Suppose -n = -n + 3*n. Suppose 5*q + 0*q - 7725 = n. Suppose 2*h + 2*r = 4232, -h + q = 4*r - 586. Is h a prime number?
True
Let y be 1319/2*((-6)/6 + 13). Let g = y - 5035. Is g prime?
True
Suppose -u + 5*u - 88 = 0. Suppose u*o - 102909 = 45833. Is o composite?
False
Let t be (6/(-5))/(3*2/180). Let z = 93 - t. Suppose z + 88 = r + 2*l, l + 1118 = 5*r. Is r prime?
True
Suppose 4*n + 2*h + 16306 = 0, 6*h - 2*h - 16300 = 4*n. Let l = n - -7505. Suppose -2*v = 7*v - l. Is v prime?
False
Suppose 2*d - 18 = 6. Suppose -3*k + 4511 = -622. Suppose -d*t + k = -11*t. Is t a composite number?
True
Let y = 91046 - -12497. Is y prime?
False
Suppose -5*r - 1 = -16. Let h(d) = -6 - d**r - d**3 - 13*d + 3*d**3 + d. Is h(7) prime?
False
Suppose 341*h - 2*g = 344*h - 302607, 3*g = -h + 100855. Is h composite?
True
Suppose -5*x = -24 + 9. Suppose 0 = x*l + u - 4859, u - 1879 - 1361 = -2*l. Let b = -922 + l. Is b composite?
True
Let v = 8566 - -2720. Let d = v - 5527. Is d prime?
False
Let j be 0 - (-12)/3 - -16. Suppose -3*c - c = -3*i - 33, 2*c - 4*i = 24. Is 113245/j - c/(-8) composite?
True
Let c(i) be the first derivative of 5*i**3/3 + 9*i**2 + 8*i - 30. Let p(k) = k + 1. Let l(u) = c(u) - 5*p(u). Is l(11) prime?
True
Let v = -520550 - -1302907. Is v composite?
True
Is ((-23)/2 - -12)*18/3 - -36080 composite?
False
Suppose 366*u + 2269780 = 386*u. Is u composite?
False
Suppose -5*m - 4*b = -255, -11*b - 204 = -4*m - 13*b. Suppose -45*g = -m*g + 318. Is